. Let m(w) = -2*r(w) + 5*u(w). Does 21 divide m(-5)?
True
Suppose -4*d + 6 = 2*v - 20, 4*v = 4*d - 56. Suppose -d*c = -7*c - l - 1228, -5*l = c - 636. Is 44 a factor of c?
True
Suppose 4*z = -j + 6411, -3*j + 2582 = 5*z - 16637. Is 19 a factor of j?
True
Let m(t) = -t**2 + 7*t + 34. Suppose 5*i = -5*j + 80, j - 4*i - 8 = 18. Let g be m(j). Let q = -83 - g. Does 15 divide q?
False
Let b = -55 - -55. Does 6 divide 19 - 1 - (-2 - b) - 4?
False
Let z(s) = -s**2 - 36*s - 135. Let u be z(-26). Suppose u*a + 6000 = 135*a. Is 20 a factor of a?
True
Let t = 192 - 126. Let y = 115 - t. Suppose 5*f = 3*w - y, 5*f - 3 = -5*w + 92. Does 9 divide w?
True
Suppose 2*c = h + 51723, -h + 29137 = c + 3289. Does 221 divide c?
True
Suppose -m + 22 = 3*r, -r - 5 = -4*m + 5. Let s be ((-2866)/14)/(-1) + r/21. Suppose -5*h - 2*y + s = 3*y, 3*h - 139 = y. Does 20 divide h?
False
Suppose 4*y = 13 + 3. Let o(d) be the third derivative of d**6/40 - d**5/15 + d**4/8 - d**3/3 - 2*d**2 - 25*d. Does 27 divide o(y)?
False
Suppose -3074*w = -2928*w - 3412458. Does 11 divide w?
False
Let u(g) = -8 + 4*g**2 - 4*g - 4*g**2 - g**3 - 6*g**2 + 15*g**2. Let z be (-1)/((-9)/6*4/42). Is 31 a factor of u(z)?
True
Suppose -10*b = -b + 3753. Let l = 801 + b. Does 24 divide l?
True
Suppose -20*h = -24*h - 3*l + 232, 4 = -l. Let a(b) = -b + 217. Let v be a(0). Suppose v = 4*z + h. Is z a multiple of 13?
True
Is 3 a factor of 973 - 1*((-13 - -3) + 3)?
False
Suppose 104*z - 123539 = -218*z + 542357. Is z a multiple of 44?
True
Let g be -318*3*(-4)/18. Let z = g - 112. Does 5 divide z?
True
Suppose -8442 = -5*k + 3*s, 3*s = k - 1830 + 156. Is 141 a factor of k?
True
Suppose 7*r - r = -3324. Is (4 - r - 3)*2/2 a multiple of 15?
True
Let y(g) = -g**3 + 3*g**2 + g + 1. Let z be y(4). Let l(j) = 36*j - 7. Let s(d) = 8*d - 1. Let q(b) = l(b) - 5*s(b). Is q(z) a multiple of 14?
True
Let a(k) = -k**3 - 42*k**2 + 34*k - 64. Is a(-45) a multiple of 60?
False
Suppose 0 = -w + 264 + 221. Suppose -w = 2*s + 363. Let z = s - -602. Is z a multiple of 17?
False
Let h(i) = -16*i + 25. Let c(k) = 11*k - 17. Let b(q) = 7*c(q) + 5*h(q). Let g be b(-12). Suppose -72 = -5*p - l + 5*l, 2*p = -5*l + g. Does 8 divide p?
True
Suppose -2*v = -5*z + 9770, 15*z + 4*v + 7804 = 19*z. Does 86 divide z?
False
Let c = 1311 + -1029. Does 5 divide c?
False
Suppose l = -2*p + 23306, -p + 11646 = 41*l - 44*l. Is p a multiple of 4?
True
Let y(g) = 19*g + 166. Suppose -76*z = -77*z + 6. Is 28 a factor of y(z)?
True
Suppose 0 = -2*h - 17*h + 3933. Let w = h - 144. Is 9 a factor of w?
True
Let o(w) = -2*w**3 + 72*w**2 + 44*w - 5. Is o(36) a multiple of 69?
False
Let x(n) = 2*n**2 + 30*n + 7. Let r be x(-15). Let v(f) = 0 - 2 + r - 95*f. Does 15 divide v(-2)?
True
Suppose -11*b - 3 = 96. Let h(q) = -q + 0*q + q**3 + 9*q**2 + 14 + 6 - 2. Does 3 divide h(b)?
True
Let j(r) = 254*r**3 + r**2 + 9*r - 2. Let v(b) = -127*b**3 - 5*b + 1. Let n(z) = -3*j(z) - 5*v(z). Does 44 divide n(-1)?
False
Let m(v) = -v**3 - 22*v**2 - 43*v - 48. Let c be m(-20). Suppose -4*g + 48 - c = 0. Does 2 divide g?
False
Let d = -3280 - -4097. Is 35 a factor of d?
False
Suppose 34 = 10*j + 7*j. Is (-42 + -5 + 0)*(-7 + j) a multiple of 76?
False
Suppose 213*p + 1646298 = 600*p. Is 6 a factor of p?
True
Suppose 559 + 347 + 3798 = 12*n. Does 186 divide n?
False
Let t(g) be the third derivative of -g**6/120 + 11*g**5/30 + 23*g**4/24 + 4*g**3 - 86*g**2 + 2*g. Does 12 divide t(23)?
True
Let b = 61 - 56. Let f be (18765/6)/b - (-7)/14. Suppose -l = 4*l + 4*s - f, 0 = -2*l + 2*s + 254. Is l a multiple of 23?
False
Suppose 2*c - 67 = k, 56 = c - 0*k - 5*k. Suppose 11*w - c = 24. Suppose o + 2*r = -3*r + 233, 4*o = -w*r + 1007. Does 43 divide o?
True
Let n(l) = l + 8. Let s be n(-13). Suppose 4*h + 5*r - 156 = 2*h, 3*r = -5*h + 409. Does 9 divide 2 + s + h + 1?
True
Let c = 232 + -152. Suppose -78*a - 6 = -c*a. Is 13 a factor of (a - (-22)/(-10))*(24 + 1)?
False
Let l(c) = -6*c**3 - 9*c**2 - c + 239. Is 27 a factor of l(-14)?
False
Suppose -225*t = -222*t - 6. Suppose -t*j = -5*r - 30, -2*j + 2*r + r + 22 = 0. Suppose 0 = j*q - 1688 + 208. Is q a multiple of 37?
True
Let h = -15 + 8. Let y be (-8)/16 + h/2. Is (22/(-6))/(y/72) a multiple of 7?
False
Let j(t) = t**3 + t**2 + 26*t + 12. Suppose 36 + 44 = 8*o. Does 14 divide j(o)?
True
Let f(b) = -12*b + 44. Let t(w) = 18*w - 50. Let z(r) = 19*r - 51. Let y(a) = -6*t(a) + 5*z(a). Let q(o) = -6*f(o) + 5*y(o). Is 9 a factor of q(9)?
False
Let y(t) be the third derivative of t**6/120 - 11*t**5/30 + 23*t**4/12 - t**3/6 - 28*t**2 + 3. Let i be 30/(-1 - 10/(-4)). Does 37 divide y(i)?
False
Is 84 a factor of (284 - (25 + -21))/(2/33)?
True
Is 125 a factor of ((-17250)/(-24))/(8/64)?
True
Let n = 130 - 120. Let r(x) = -x**2 + 20*x - 30. Is 7 a factor of r(n)?
True
Suppose 0 = 30*c - 417916 + 212291 - 415075. Is c a multiple of 14?
False
Let j(f) = -22*f - 59. Let h be j(-14). Let b = -93 + h. Does 13 divide b?
True
Let i(h) = h**2. Let w(l) = -23*l**2 - l + 5. Let q(u) = -5*i(u) - w(u). Does 11 divide q(-5)?
True
Let f be -2 - 12011/(-6) - (-3)/18. Suppose c + 803 = -0*d + 2*d, -5*d + c = -f. Is d a multiple of 21?
True
Let p = 10042 + -5028. Is 46 a factor of p?
True
Suppose 2*v + 136 = 140. Suppose i + 2*w = 8, -v*w + 8 = -6*i + 4*i. Suppose z + o - 75 = 0, i = o - 0 + 3. Is 6 a factor of z?
True
Let c be ((-58)/(-4))/((-9)/(-54)). Suppose 617 = 11*b - c. Is 32 a factor of b?
True
Let j = 12 - -28. Let m = 2 + 3. Suppose -h = -m*h + j. Is h a multiple of 2?
True
Does 113 divide (-150)/(-6) + -24 + 30283?
True
Let k(x) = -107*x - 139. Let c be (4/16)/((-4)/160*2). Is k(c) a multiple of 18?
True
Is 45 a factor of (-138)/(-2)*(3 - (-90)/(-27))*-824?
False
Let l(o) = o**3 + 2*o**2 - 7*o + 5152. Is l(0) a multiple of 16?
True
Suppose 0 = -2*v + 5*g + 39030, 0 = -4*v - 4*g - 26104 + 104080. Does 12 divide v?
True
Is ((-50 - -2)/12)/(-2*10/73045) a multiple of 31?
False
Suppose -20*l + 72 = -8*l. Suppose -2*t = l*g - 5*g, t + g = 0. Suppose 0 = -5*n + y + 602, 5*y - 2*y + 6 = t. Is n a multiple of 40?
True
Let z(v) = -9*v + 17. Let n(f) = -9*f + 17. Let u(a) = -4*n(a) + 6*z(a). Let r be u(5). Let p = -43 - r. Is 13 a factor of p?
True
Let u(p) = 203*p + 53. Let h(l) = 40*l + 11. Let d(j) = 33*h(j) - 6*u(j). Does 27 divide d(3)?
True
Let d = 124 + -118. Let r = d + 69. Suppose 0 = q - 3*j - 135, -2*j + r + 219 = 2*q. Does 8 divide q?
True
Let j = 9868 + -5260. Is 16 a factor of j?
True
Is (-26405)/(-110) + 7 + 2325/(-330) a multiple of 10?
True
Suppose -4*n - 16 = 0, -5*k = -k + 5*n + 20012. Is (2 - 1/(-2))/((-21)/k) a multiple of 12?
False
Let r be (-56)/(-6)*(1 - -2). Let i = r + -26. Suppose -i*f + 43 + 39 = 0. Is 6 a factor of f?
False
Let x = -98 - -100. Suppose 2*r = -2*r + 20, -50 = -5*c + x*r. Does 3 divide c?
True
Let p(m) = 22*m - m**2 + 363 - 706 + 361. Is p(11) a multiple of 14?
False
Let c = -2226 - -6862. Is 38 a factor of c?
True
Let w be ((-15)/20)/(3/(-12)). Suppose 5*z = 6*z - w. Suppose 5*y - m - m - 165 = 0, 4*y - 139 = z*m. Is 3 a factor of y?
False
Suppose 2*a = -3*h + 3229 + 3968, 2*h = 4*a - 14402. Is 20 a factor of a?
True
Let j = -302 - -426. Suppose -4*l + 4*c = -j, -3*c = -2*l - 0 + 62. Is l even?
False
Let v(p) be the second derivative of 10/3*p**3 + p**2 + 8*p + 0. Is v(7) a multiple of 13?
False
Suppose 69 = -2*c - 155. Let u = 27 - c. Suppose 2*o - 3*o + 85 = 3*w, 0 = 5*w + o - u. Is w a multiple of 11?
False
Suppose 34105 = 16*a - 45155 + 5324. Is a a multiple of 32?
False
Let i(y) = 1308*y**3 - 6*y**2 + 27*y - 9. Does 5 divide i(2)?
True
Let l = 0 - -154. Let b be (-2 - -3) + -1 + -83. Let d = l + b. Does 9 divide d?
False
Let r(j) = 189*j - 130. Let v be r(5). Suppose 9*i = 706 + v. Is 48 a factor of i?
False
Suppose 0*d - 4*d + 16 = 0. Suppose 0 = -f - 4*u + 24, 4*f - 3*u = -d*u + 111. Does 11 divide (7/2)/(7/f)?
False
Suppose 14*k - 19*k = -1495. Suppose z = -0*z - k. Is 23 a factor of z/((1/(-1))/(-1)*-1)?
True
Let p(d) be the first derivative of -d**3/3 - 4*d**2 - 13*d - 1. Let m = -130 + 126. Is 2 a factor of p(m)?
False
Let u = 23423 - 19016. Is u a multiple of 9?
False
Let l(z) = z**3 - 10*z**2 - 12*z - 7. Let n be l(13). Let w = -219 + n. Does 16 divide w?
False
Suppose -s + 3*i - 6 = -36, -5*s